rue
Let m = 3 + 1. Suppose m*f = r - 5*r + 432, f - 123 = 2*r. Is f a prime number?
True
Suppose -6*x + 5*l = -2*x - 322, x + 5*l = 68. Let i = x - 17. Suppose b = 4*b - 5*n - i, n - 23 = -b. Is b composite?
True
Let y(f) = f + 21. Let s be y(0). Suppose 0 = 3*u + g - 12, 0*u - 3*g = -3*u. Suppose -c = -m - u*c + s, -c = -2*m + 22. Is m composite?
False
Suppose -4*r = 3*i - 143, -2*r - i + 55 = -16. Is r a prime number?
False
Let m = 140 + 21. Is m a prime number?
False
Suppose -76 = 2*l - 6. Let h = l - -92. Is h a prime number?
False
Let h(w) = w + 14. Let g be h(-9). Is g/((-30)/21)*-194 prime?
False
Suppose -2*h - 126 = -5*h. Suppose -g + h = g. Is g a composite number?
True
Let k = 76 + 33. Is k a composite number?
False
Let b be ((-3)/6)/(2/(-16)). Suppose -p = -4*v - 323, -b*p - v = 4*v - 1355. Is p prime?
False
Suppose 3*r - 2*r - 2 = 0. Suppose 0 = -2*t - 0*t - r*p + 854, 0 = p. Is t composite?
True
Let d = 797 - 382. Suppose 4*u - d = -u. Is u a prime number?
True
Let z(g) be the third derivative of g**7/2520 - g**6/360 - 11*g**5/120 + g**4/24 - 3*g**2. Let q(m) be the second derivative of z(m). Is q(8) prime?
True
Let g = 7 + 4. Suppose 15 = 2*p - g. Is p composite?
False
Let a(c) = -2*c + 43. Is a(-18) prime?
True
Let f = 7 + -5. Let b = 5 - f. Is 53 - b/(3/(-2)) prime?
False
Let v be -1 + 4 + -1 - 0. Suppose v*u = -2*u + 424. Is u composite?
True
Let a = 261 - -32. Is a a prime number?
True
Is 2 + 1814 - (0 - 1) composite?
True
Let z(j) = -j**3 - 7*j**2 - 5*j + 5. Let a be z(-6). Is (-3)/4*(-7 + a) prime?
False
Suppose -5*x = -t - 0 + 1, -21 = -4*t + 3*x. Let u be 2/(-3) + (-236)/t. Let v = -9 - u. Is v a prime number?
True
Suppose 4*q = c - 0*c + 168, 2*c + 314 = -3*q. Let i = 237 + c. Is i a prime number?
False
Let y(c) = -3*c**2 + 3*c + 122. Let n(o) = o**2 - o - 41. Let w(h) = 8*n(h) + 3*y(h). Is w(0) composite?
True
Suppose -y = -2*i + 1260, 2*i + 3*y + 0*y - 1268 = 0. Suppose -5*j + i = -114. Is j a composite number?
False
Let s(x) = -28*x + 1. Let l be s(-3). Suppose -2*w = 4*q - 68, 0 = 2*q + 3*q - 4*w - l. Let m = -4 + q. Is m prime?
True
Suppose b + 3*b + 2*p = 14, b - 4*p = -1. Let q be 0/(b/3) - -2. Suppose q*l + 195 = 3*u, 0*u + u - 70 = -l. Is u prime?
True
Let j(r) = -r + 1. Let l be j(4). Let f(t) = -4*t**3 + 4*t**2 - t - 1. Is f(l) a composite number?
True
Suppose 3 = -5*i - 17. Is i/10 + (-3185)/(-25) prime?
True
Suppose -2*v + 3*r + 618 = 3*v, 0 = r - 4. Let k(p) = -p**3 + 6*p**2 + 8*p - 4. Let i be k(7). Suppose 0 = -4*b, 0 = -5*m + i*b + 59 + v. Is m a prime number?
True
Let k = -151 - -384. Is k a prime number?
True
Suppose 0 = -y - 0*z - 5*z + 519, 2008 = 4*y + 3*z. Is y a composite number?
False
Suppose -5*x = -13 - 2. Let c(o) = -96*o - 5. Let j be c(-5). Suppose 2*m = -x*m + j. Is m composite?
True
Suppose -2*k + 43 = -f, -2*f - 90 = -5*k - 3*f. Suppose 207 = 2*q + k. Suppose 5*t - q = u, u - 2*u = 2*t - 39. Is t composite?
False
Let h be 95/5 - (-1 - -1). Suppose 0*o - h = -o - 3*m, -3*o + 5*m + 113 = 0. Is o prime?
True
Suppose 5*v - 3381 - 5297 = b, -3*b = -v + 1744. Is v composite?
True
Let g = 3 - -4. Suppose -98 = g*p - 9*p. Is p composite?
True
Is ((-2606)/(-6))/(-3 - (-70)/21) a composite number?
False
Suppose 11*d - 13*d = -254. Is d a prime number?
True
Let i = -1 - -10. Let d = i - -1. Is d a composite number?
True
Let j(x) = -2 + 6*x - 7 - 2*x**2 - 1 + x**2. Let h be j(7). Let f = h + 48. Is f composite?
False
Is (-2)/(5/((-3980)/8)) prime?
True
Let p = 131 + -305. Let m = p - -321. Suppose -3*j + m = -252. Is j prime?
False
Let x(h) = 490*h + 70. Let a(l) = 35*l + 5. Let s(c) = 55*a(c) - 4*x(c). Is s(-2) prime?
False
Let k(n) = -n**3 + 4*n**2 - 3. Let m be k(3). Suppose d - 5 = m. Is d composite?
False
Let m = -12 + -10. Let r = m - -145. Is r a composite number?
True
Let g = 1402 + -888. Suppose 0 = 5*d - 3*d - g. Suppose 4*x = -4*s + 196, -4*x = x + 2*s - d. Is x a composite number?
False
Let v(k) = -1 - 8*k**2 - 7*k + 4*k**2 - 2*k**3 + 3*k**3 - 7. Is v(6) a prime number?
False
Suppose 3*v = -5288 + 1556. Let c = -577 - v. Is c composite?
True
Let k(z) = -15*z + 7. Let a = 16 + -24. Is k(a) prime?
True
Suppose -3*z - 5*s + s = -6719, 3*z + s - 6713 = 0. Is z composite?
False
Suppose -5*g = -5*q + 10, 2*g - 14 = 3*q - 7*q. Let i be ((-201)/9)/(g/(-6)). Suppose 78 = 4*m - i. Is m a composite number?
False
Suppose -2*v = 3*b + 10, -v - 4*b = -6*b + 12. Let w(u) = 23*u + 5. Let o be w(-4). Let q = v - o. Is q prime?
True
Is (174/(-15))/((-36)/1410)*3 a prime number?
False
Suppose -d + q + 117 = 0, 113 = 2*d - d - 3*q. Is d prime?
False
Let u(c) = -c. Let g be -1*(-5 - -3 - -5). Let v be u(g). Suppose -3*z - 2*w - 229 = -6*z, -234 = -3*z - v*w. Is z a prime number?
False
Let v = -54 + 163. Is v a composite number?
False
Suppose a + 5*w - 3*w - 7 = 0, 3*a + 3*w - 27 = 0. Is a composite?
False
Let k(x) = -x**2 - 2*x - 1. Let t be k(-2). Let o(g) = -37*g**3 + g**2 + g + 1. Let q be o(t). Let n = 75 - q. Is n a prime number?
True
Suppose 0 = -2*w + 4*w - 4. Suppose -w*q = -62 + 18. Is q prime?
False
Is (-3)/(-9) + 76/6 composite?
False
Is 2*1635/6 + -4 prime?
True
Let k(t) = -t**2 + 5*t + 8. Let z be k(7). Let x be 7 + z + 9/3. Suppose x*g = 242 - 70. Is g prime?
True
Let w = 10 - 5. Let y = w + -2. Suppose 0 = -4*j - 5*b + 6*b + 761, -2*j + y*b = -373. Is j composite?
False
Let p(y) = -4 + 5 - 4 + 31*y - 6. Is p(4) a prime number?
False
Let j be (6 + -2 - 2) + 2. Suppose 0 = -4*t + 48 + j. Is t a prime number?
True
Let b(g) = g**3 + 9*g**2 - g - 5. Let f be b(-9). Suppose -f*r + r + 927 = 0. Is r prime?
False
Let n be 4*-1 - (1 - 13). Is 737 - n/12*-3 a prime number?
True
Let z = -587 + 996. Is z a composite number?
False
Suppose z - 43 = 46. Is z composite?
False
Suppose j = -3*j + 24. Suppose -2*b = -2*c - j, 1 = -2*c + 5. Suppose 3 = -b*n + 158. Is n prime?
True
Let x = 39 - 16. Is x a prime number?
True
Let v(z) = -z + 1. Let i(g) = -g**2 + 2*g - 6. Let a(c) = -i(c) - 6*v(c). Let t be (-5)/(1 - 0) - 2. Is a(t) prime?
False
Let h be 2/(-6) - (-890)/15. Suppose 2*l - h = -7. Is l composite?
True
Is (127/(-4))/((-2)/8) a prime number?
True
Let j(w) = w**2 + w + 65. Is j(0) a composite number?
True
Is 0/(-2) - 90/(-6) composite?
True
Suppose -3*f + 5*f = -4*h + 68, 0 = -4*f - 4*h + 136. Is f a composite number?
True
Let b be -62*(-2)/(-2 - 0). Let w = b - -99. Is w prime?
True
Let n(j) = -3*j**2 - j + 2. Let h be n(-6). Let s = h + 153. Suppose -i = -l + 16 - s, -185 = -5*i - 4*l. Is i a composite number?
False
Suppose 0 = 5*s + 6 + 64. Let r = s - -37. Let k = r + -8. Is k prime?
False
Let f(m) = m**2 - 4*m - 8. Let x be f(6). Suppose n = 3*o + 3*n - 467, 0 = 2*n + x. Is o a prime number?
True
Let s = -132 - -251. Is s a prime number?
False
Let x be -3 + (1090 - 0) - 2. Suppose 4*v = r - x, -4 = -2*r + 6. Let d = v - -409. Is d composite?
False
Let j be (0/(-2))/(3 - 5). Suppose -10 = -j*q + 5*q. Is (-613)/q + 1/2 a prime number?
True
Suppose -416 = 4*f + 88. Let n = -73 - f. Is n composite?
False
Suppose 3*h = -5*v - 69, 0 = -0*v + v + 4*h + 7. Let d = v + 26. Is d prime?
True
Let u be (-4)/(-14) + (-66)/(-14). Suppose 3 = -2*f + 9. Suppose 3*x - 261 = 2*y, -2*x - f*x + 440 = -u*y. Is x a composite number?
True
Suppose 3*i + 2*t + 32 = 3*t, t = -4*i - 52. Is ((-1347)/i)/(3/12) a prime number?
True
Suppose -7 = -3*g + 5. Suppose 1334 = 4*c - 3*r, -g*r + 841 = 4*c - 507. Is c a prime number?
False
Suppose 4*x - 10604 = -4*m, 9*x = 4*x + 2*m + 13269. Is x a composite number?
True
Let c(k) = -k**2 - 9*k - 3. Let y be c(-8). Suppose -u - 11 = y*j - 130, 3*u + 11 = j. Is j a composite number?
False
Suppose -177 = 5*i - m + 204, 0 = m + 4. Let v = i + 128. Is v composite?
True
Suppose 41 + 4 = 5*z. Let k be 4/4 + (1 - 0). Suppose -k*a + 21 = -z. Is a a composite number?
True
Let g(c) = -c**3 - 17. Is g(-12) composite?
True
Suppose 4*j - 1196 = -2*g, 3*g - 1497 = -5*j + g. Is j prime?
False
Is 8/4*286/4 a composite number?
True
Is 29 + 1603 + 10/2 composite?
False
Suppose 0 = 3*a, n - a - 1201 - 324 = 0. Suppose -6*v + 3*r + n = -2*v, -4*v = -r - 1519. Is v a composite number?
False
Let k be 9/(-2)*20/(-3). Let m be (-5 + 1)*(2 - 1). Let g = m + k. Is g a prime number?
False
Suppose 2*x + 0*n - 6 = 